CLIMATOLOGICAL SUMMARY FOR 2021 NAME: Peterborough, Cambridgeshire ELEV: 15 meter LAT: 52-35.48 N LONG: 000-12.37 W TEMPERATURE (°C) HEAT COOL MAX MAX MIN MIN MEAN MEAN DEG DEG >= <= <= <= YR MO MAX MIN MEAN DAYS DAYS HI DAY LOW DAY 30 0 0 -20 ------------------------------------------------------------------------------------------------ 2021 01 10.5 10.5 10.5 242.8 0.0 10.5 01 10.5 01 0 0 0 0 2021 02 10.5 10.5 10.5 219.3 0.0 10.5 01 10.5 01 0 0 0 0 2021 03 10.5 10.5 10.5 242.8 0.0 10.5 01 10.5 21 0 0 0 0 2021 04 10.5 10.5 10.5 235.0 0.0 10.5 01 10.5 01 0 0 0 0 2021 05 10.5 10.5 10.5 242.8 0.0 10.5 01 10.5 01 0 0 0 0 2021 06 10.5 10.5 10.5 235.0 0.0 10.5 01 10.5 01 0 0 0 0 2021 07 10.5 10.5 10.5 242.8 0.0 10.5 01 10.5 01 0 0 0 0 2021 08 10.5 10.5 10.5 242.8 0.0 10.5 01 10.5 01 0 0 0 0 2021 09 10.5 10.5 10.5 235.0 0.0 10.5 01 10.5 01 0 0 0 0 2021 10 10.5 10.5 10.5 125.3 0.0 10.5 01 10.5 01 0 0 0 0 2021 11 2021 12 ------------------------------------------------------------------------------------------------ 10.5 10.5 10.5 2263.8 0.0 10.5 Jan 10.5 Mar 0 0 0 0 PRECIPITATION (mm) MAX ---DAYS OF RAIN--- OBS. OVER YR MO TOTAL DAY DATE 0.30 3.00 30.00 ------------------------------------------------ 2021 01 139.2 29.4 14 27 13 0 2021 02 60.3 15.0 06 14 5 0 2021 03 157.8 79.8 11 17 9 1 2021 04 5.1 2.4 11 7 0 0 2021 05 110.4 19.2 04 24 10 0 2021 06 58.8 35.7 18 12 4 1 2021 07 109.2 61.2 09 13 5 1 2021 08 27.3 8.4 01 11 3 0 2021 09 16.5 8.1 14 8 2 0 2021 10 5.1 1.5 05 6 0 0 2021 11 2021 12 ------------------------------------------------ 689.7 79.8 Mar 139 51 3 WIND SPEED (m/s) DOM YR MO AVG HI DATE DIR ----------------------------------- 2021 01 0.9 8.5 11 240 2021 02 0.9 10.5 07 207 2021 03 1.2 13.3 11 244 2021 04 0.9 9.2 06 109 2021 05 0.8 11.6 04 235 2021 06 0.8 6.8 11 141 2021 07 0.6 8.2 29 198 2021 08 0.8 7.5 13 206 2021 09 0.5 7.5 23 217 2021 10 0.7 8.2 06 241 2021 11 2021 12 ----------------------------------- 0.8 13.3 Mar 218 Updated: 01/01/22 00:00:00