MONTHLY CLIMATOLOGICAL SUMMARY for May 2021 NAME: Peterborough, Cambridgeshire ELEV: 15 meter LAT: 52-35.48 N LONG: 000-12.37 W TEMPERATURE (°C), RAIN (mm), WIND SPEED (m/s) HEAT COOL AVG MEAN DEG DEG WIND DOM DAY TEMP HIGH TIME LOW TIME DAYS DAYS RAIN SPEED HIGH TIME DIR --------------------------------------------------------------------------------------- 01 10.5 10.5 00:00 10.5 00:00 7.8 0.0 0.0 0.9 5.4 11:16 105 02 10.5 10.5 00:00 10.5 00:00 7.8 0.0 0.3 0.4 4.4 19:48 241 03 10.5 10.5 00:00 10.5 00:00 7.8 0.0 11.7 1.5 7.5 20:37 236 04 10.5 10.5 00:00 10.5 00:00 7.8 0.0 19.2 2.2 11.6 08:37 261 05 10.5 10.5 00:00 10.5 00:00 7.8 0.0 2.4 1.0 6.8 17:01 256 06 10.5 10.5 00:00 10.5 00:00 7.8 0.0 2.1 0.9 5.8 19:09 263 07 10.5 10.5 00:00 10.5 00:00 7.8 0.0 0.3 0.9 6.1 15:00 255 08 10.5 10.5 00:00 10.5 00:00 7.8 0.0 18.9 0.9 5.4 15:12 224 09 10.5 10.5 00:00 10.5 00:00 7.8 0.0 0.9 1.2 6.1 17:31 233 10 10.5 10.5 00:00 10.5 00:00 7.8 0.0 4.5 1.4 7.5 17:03 229 11 10.5 10.5 00:00 10.5 00:00 7.8 0.0 0.3 0.3 5.1 15:30 204 12 10.5 10.5 00:00 10.5 00:00 7.8 0.0 0.0 0.8 4.4 09:09 233 13 10.5 10.5 00:01 10.5 00:01 7.8 0.0 0.3 0.5 4.8 22:13 89 14 10.5 10.5 00:00 10.5 00:00 7.8 0.0 0.0 0.7 4.8 00:59 98 15 10.5 10.5 00:00 10.5 00:00 7.8 0.0 13.5 0.1 3.1 20:49 195 16 10.5 10.5 00:00 10.5 00:00 7.8 0.0 0.3 0.5 3.4 17:35 227 17 10.5 10.5 00:00 10.5 00:00 7.8 0.0 3.6 0.6 3.7 17:45 181 18 10.5 10.5 00:00 10.5 00:00 7.8 0.0 1.5 0.6 5.1 15:49 252 19 10.5 10.5 00:00 10.5 00:00 7.8 0.0 3.0 0.6 4.4 14:13 210 20 10.5 10.5 00:00 10.5 00:00 7.8 0.0 1.8 1.0 6.5 22:49 228 21 10.5 10.5 00:00 10.5 00:00 7.8 0.0 6.3 2.3 7.5 01:48 236 22 10.5 10.5 00:00 10.5 00:00 7.8 0.0 1.2 0.8 5.4 03:02 248 23 10.5 10.5 00:00 10.5 00:00 7.8 0.0 2.4 1.1 6.1 15:56 227 24 10.5 10.5 00:00 10.5 00:00 7.8 0.0 5.7 0.5 4.4 12:06 234 25 10.5 10.5 00:00 10.5 00:00 7.8 0.0 0.3 1.2 6.1 11:45 254 26 10.5 10.5 00:00 10.5 00:00 7.8 0.0 0.3 0.9 6.1 11:36 254 27 10.5 10.5 00:00 10.5 00:00 7.8 0.0 0.0 0.3 3.1 09:53 116 28 10.5 10.5 00:00 10.5 00:00 7.8 0.0 0.0 0.2 3.1 18:11 247 29 10.5 10.5 00:00 10.5 00:00 7.8 0.0 0.0 0.4 4.1 15:02 85 30 10.5 10.5 00:00 10.5 00:00 7.8 0.0 9.6 0.8 5.1 16:16 88 31 10.5 10.5 00:00 10.5 00:00 7.8 0.0 0.0 0.3 2.7 12:31 100 --------------------------------------------------------------------------------------- 10.5 10.5 01 10.5 01 242.8 0.0 110.4 0.8 11.6 04 235 Updated: 01/06/21 00:00:00