MONTHLY CLIMATOLOGICAL SUMMARY for Mar 2021 NAME: Peterborough, Cambridgeshire ELEV: 15 meter LAT: 52-35.48 N LONG: 000-12.37 W TEMPERATURE (°C), RAIN (mm), WIND SPEED (m/s) HEAT COOL AVG MEAN DEG DEG WIND DOM DAY TEMP HIGH TIME LOW TIME DAYS DAYS RAIN SPEED HIGH TIME DIR --------------------------------------------------------------------------------------- 01 10.5 10.5 00:00 10.5 00:00 7.8 0.0 0.0 0.3 3.1 17:05 97 02 10.5 10.5 00:00 10.5 00:00 7.8 0.0 0.0 0.3 2.4 07:39 89 03 10.5 10.5 00:00 10.5 00:00 7.8 0.0 6.3 0.4 2.4 12:54 87 04 10.5 10.5 00:00 10.5 00:00 7.8 0.0 0.9 0.9 5.4 14:45 94 05 10.5 10.5 00:00 10.5 00:00 7.8 0.0 0.6 0.8 5.8 01:01 87 06 10.5 10.5 00:00 10.5 00:00 7.8 0.0 0.0 0.1 2.0 00:19 97 07 10.5 10.5 00:00 10.5 00:00 7.8 0.0 0.0 0.3 3.1 10:45 248 08 10.5 10.5 00:00 10.5 00:00 7.8 0.0 0.6 0.7 5.8 14:45 267 09 10.5 10.5 00:00 10.5 00:00 7.8 0.0 0.0 1.0 5.8 23:19 252 10 10.5 10.5 00:00 10.5 00:00 7.8 0.0 11.1 2.5 9.5 23:18 235 11 10.5 10.5 00:00 10.5 00:00 7.8 0.0 79.8 2.8 13.3 06:25 256 12 10.5 10.5 00:00 10.5 00:00 7.8 0.0 11.4 2.5 10.2 12:51 251 13 10.5 10.5 00:00 10.5 00:00 7.8 0.0 19.5 2.5 12.9 10:27 262 14 10.5 10.5 00:00 10.5 00:00 7.8 0.0 3.9 1.9 9.9 11:18 267 15 10.5 10.5 00:00 10.5 00:00 7.8 0.0 0.0 0.8 4.8 01:02 240 16 10.5 10.5 00:00 10.5 00:00 7.8 0.0 1.8 1.1 9.5 16:07 235 17 10.5 10.5 00:00 10.5 00:00 7.8 0.0 1.2 0.8 5.1 14:09 210 18 10.5 10.5 00:00 10.5 00:00 7.8 0.0 0.9 1.0 7.1 20:02 196 19 10.5 10.5 00:00 10.5 00:00 7.8 0.0 0.9 1.1 4.8 02:25 88 20 10.5 10.5 00:00 10.5 00:00 7.8 0.0 0.0 0.7 4.8 20:22 267 21 10.5 10.5 00:00 10.5 11:10 7.8 0.0 0.0 0.7 5.4 09:17 128 22 10.5 10.5 00:00 10.5 00:00 7.8 0.0 0.0 0.7 4.1 17:03 251 23 10.5 10.5 00:01 10.5 00:01 7.8 0.0 0.0 1.0 5.8 14:50 245 24 10.5 10.5 00:00 10.5 00:00 7.8 0.0 0.0 1.0 5.1 11:05 243 25 10.5 10.5 00:00 10.5 00:00 7.8 0.0 0.6 1.2 5.4 09:31 239 26 10.5 10.5 00:00 10.5 00:00 7.8 0.0 4.5 1.7 8.5 15:47 240 27 10.5 10.5 00:00 10.5 00:00 7.8 0.0 3.9 1.7 8.8 11:13 253 28 10.5 10.5 00:00 10.5 00:00 7.8 0.0 9.9 2.7 8.2 19:55 241 29 10.5 10.5 00:00 10.5 00:00 7.8 0.0 0.0 2.0 7.1 08:28 245 30 10.5 10.5 00:00 10.5 00:00 7.8 0.0 0.0 0.5 3.4 13:12 234 31 10.5 10.5 00:00 10.5 00:00 7.8 0.0 0.0 0.3 3.4 23:06 227 --------------------------------------------------------------------------------------- 10.5 10.5 01 10.5 21 242.8 0.0 157.8 1.2 13.3 11 244 Updated: 01/04/21 00:00:00