MONTHLY CLIMATOLOGICAL SUMMARY for Feb 2021 NAME: Peterborough, Cambridgeshire ELEV: 15 meter LAT: 52-35.48 N LONG: 000-12.37 W TEMPERATURE (°C), RAIN (mm), WIND SPEED (m/s) HEAT COOL AVG MEAN DEG DEG WIND DOM DAY TEMP HIGH TIME LOW TIME DAYS DAYS RAIN SPEED HIGH TIME DIR --------------------------------------------------------------------------------------- 01 10.5 10.5 00:01 10.5 00:01 7.8 0.0 0.6 0.4 3.1 00:02 93 02 10.5 10.5 00:00 10.5 00:00 7.8 0.0 12.9 0.6 4.1 22:26 225 03 10.5 10.5 00:00 10.5 00:00 7.8 0.0 0.0 0.9 5.8 14:36 247 04 10.5 10.5 00:00 10.5 00:00 7.8 0.0 11.4 0.3 3.1 01:25 232 05 10.5 10.5 00:00 10.5 00:00 7.8 0.0 7.2 0.3 2.7 07:10 243 06 10.5 10.5 00:00 10.5 00:00 7.8 0.0 15.0 0.5 4.8 19:26 88 07 10.5 10.5 00:00 10.5 00:00 7.8 0.0 2.1 2.5 10.5 18:59 82 08 10.5 10.5 00:00 10.5 00:00 7.8 0.0 0.3 1.3 6.8 12:46 87 09 10.5 10.5 00:00 10.5 00:00 7.8 0.0 0.6 0.7 4.1 21:14 89 10 10.5 10.5 00:00 10.5 00:00 7.8 0.0 0.0 0.8 6.1 14:03 90 11 10.5 10.5 00:00 10.5 00:00 7.8 0.0 0.0 0.3 3.1 15:34 137 12 10.5 10.5 00:00 10.5 00:00 7.8 0.0 0.0 0.5 4.1 11:08 147 13 10.5 10.5 00:00 10.5 00:00 7.8 0.0 0.0 0.9 4.4 13:21 134 14 10.5 10.5 00:00 10.5 00:00 7.8 0.0 2.4 0.8 4.4 18:37 177 15 10.5 10.5 00:00 10.5 00:00 7.8 0.0 0.3 0.9 4.8 13:58 234 16 10.5 10.5 00:00 10.5 00:00 7.8 0.0 3.0 1.1 5.1 18:33 232 17 10.5 10.5 00:00 10.5 00:00 7.8 0.0 1.2 1.4 7.8 11:41 234 18 10.5 10.5 00:00 10.5 00:00 7.8 0.0 2.1 1.3 6.8 15:53 235 19 10.5 10.5 00:00 10.5 00:00 7.8 0.0 0.0 1.5 8.5 20:19 233 20 10.5 10.5 00:00 10.5 00:00 7.8 0.0 0.0 0.9 6.1 14:26 223 21 10.5 10.5 00:00 10.5 00:00 7.8 0.0 0.0 0.4 4.4 00:11 230 22 10.5 10.5 00:00 10.5 00:00 7.8 0.0 0.0 0.2 2.7 11:29 238 23 10.5 10.5 00:00 10.5 00:00 7.8 0.0 0.0 1.4 7.5 16:51 231 24 10.5 10.5 00:00 10.5 00:00 7.8 0.0 0.0 2.3 8.8 10:30 236 25 10.5 10.5 00:00 10.5 00:00 7.8 0.0 1.2 1.0 6.8 00:02 258 26 10.5 10.5 00:00 10.5 00:00 7.8 0.0 0.0 0.6 4.8 12:56 260 27 10.5 10.5 00:00 10.5 00:00 7.8 0.0 0.0 0.2 2.7 12:30 110 28 10.5 10.5 00:00 10.5 00:00 7.8 0.0 0.0 0.2 2.0 11:45 95 --------------------------------------------------------------------------------------- 10.5 10.5 01 10.5 01 219.3 0.0 60.3 0.9 10.5 07 207 Updated: 01/03/21 00:00:00