MONTHLY CLIMATOLOGICAL SUMMARY for Jan 2021 NAME: Peterborough, Cambridgeshire ELEV: 15 meter LAT: 52-35.48 N LONG: 000-12.37 W TEMPERATURE (°C), RAIN (mm), WIND SPEED (m/s) HEAT COOL AVG MEAN DEG DEG WIND DOM DAY TEMP HIGH TIME LOW TIME DAYS DAYS RAIN SPEED HIGH TIME DIR --------------------------------------------------------------------------------------- 01 10.5 10.5 00:00 10.5 00:00 7.8 0.0 3.0 0.7 3.7 12:34 242 02 10.5 10.5 00:00 10.5 00:00 7.8 0.0 0.6 0.7 3.7 11:45 243 03 10.5 10.5 00:00 10.5 00:00 7.8 0.0 4.8 0.7 4.8 17:45 119 04 10.5 10.5 00:00 10.5 00:00 7.8 0.0 1.5 1.3 6.1 14:58 88 05 10.5 10.5 00:00 10.5 00:00 7.8 0.0 0.6 1.0 5.4 17:53 112 06 10.5 10.5 00:00 10.5 00:00 7.8 0.0 2.1 0.5 3.7 05:52 190 07 10.5 10.5 00:00 10.5 00:00 7.8 0.0 0.3 0.8 4.1 12:17 271 08 10.5 10.5 00:00 10.5 00:00 7.8 0.0 0.0 0.2 2.7 01:19 180 09 10.5 10.5 00:00 10.5 00:00 7.8 0.0 0.0 0.3 4.1 21:40 248 10 10.5 10.5 00:00 10.5 00:00 7.8 0.0 0.3 0.8 4.1 22:15 249 11 10.5 10.5 00:00 10.5 00:00 7.8 0.0 0.9 1.7 8.5 14:16 251 12 10.5 10.5 00:00 10.5 00:00 7.8 0.0 6.3 0.8 6.5 01:41 243 13 10.5 10.5 00:00 10.5 00:00 7.8 0.0 12.9 0.2 2.0 02:29 243 14 10.5 10.5 00:00 10.5 00:00 7.8 0.0 29.4 0.5 3.4 14:00 132 15 10.5 10.5 00:00 10.5 00:00 7.8 0.0 0.0 0.2 2.4 07:06 251 16 10.5 10.5 00:00 10.5 00:00 7.8 0.0 10.5 0.8 5.4 23:36 244 17 10.5 10.5 00:00 10.5 00:00 7.8 0.0 0.0 1.3 6.1 04:24 265 18 10.5 10.5 00:00 10.5 00:00 7.8 0.0 5.4 1.2 4.8 21:30 238 19 10.5 10.5 00:00 10.5 00:00 7.8 0.0 6.9 2.2 7.8 11:52 240 20 10.5 10.5 00:00 10.5 00:00 7.8 0.0 5.4 2.3 7.5 22:24 236 21 10.5 10.5 00:00 10.5 00:00 7.8 0.0 5.1 2.1 8.5 11:41 248 22 10.5 10.5 00:00 10.5 00:00 7.8 0.0 2.4 0.9 4.4 12:28 246 23 10.5 10.5 00:00 10.5 00:00 7.8 0.0 1.8 0.7 4.4 03:42 260 24 10.5 10.5 00:00 10.5 00:00 7.8 0.0 0.3 0.1 2.0 01:22 111 25 10.5 10.5 00:00 10.5 00:00 7.8 0.0 9.0 0.8 5.8 15:27 263 26 10.5 10.5 00:00 10.5 00:00 7.8 0.0 3.6 0.4 2.7 01:14 235 27 10.5 10.5 00:00 10.5 00:00 7.8 0.0 1.2 0.6 3.4 07:11 255 28 10.5 10.5 00:00 10.5 00:00 7.8 0.0 20.7 0.6 4.1 14:46 243 29 10.5 10.5 00:00 10.5 00:00 7.8 0.0 1.8 1.3 6.1 03:35 258 30 10.5 10.5 00:00 10.5 00:00 7.8 0.0 1.8 0.9 6.1 18:20 102 31 10.5 10.5 00:00 10.5 00:00 7.8 0.0 0.6 0.5 2.7 00:02 91 --------------------------------------------------------------------------------------- 10.5 10.5 01 10.5 01 242.8 0.0 139.2 0.9 8.5 11 240 Updated: 01/02/21 00:00:00