MONTHLY CLIMATOLOGICAL SUMMARY for Nov 2020 NAME: Peterborough, Cambridgeshire ELEV: 15 meter LAT: 52-35.48 N LONG: 000-12.37 W TEMPERATURE (°C), RAIN (mm), WIND SPEED (m/s) HEAT COOL AVG MEAN DEG DEG WIND DOM DAY TEMP HIGH TIME LOW TIME DAYS DAYS RAIN SPEED HIGH TIME DIR --------------------------------------------------------------------------------------- 01 10.5 10.5 00:00 10.5 00:00 7.8 0.0 1.5 2.1 8.8 23:41 234 02 10.5 10.5 00:00 10.5 00:00 7.8 0.0 0.6 2.7 9.9 20:48 239 03 10.5 10.5 00:00 10.5 00:00 7.8 0.0 6.0 1.0 7.5 12:49 246 04 10.5 10.5 00:00 10.5 00:00 7.8 0.0 0.3 0.4 3.4 10:48 247 05 10.5 10.5 00:00 10.5 00:00 7.8 0.0 0.0 0.3 3.4 13:11 251 06 10.5 10.5 00:00 10.5 00:00 7.8 0.0 0.0 0.0 1.7 11:23 118 07 10.5 10.5 00:00 10.5 00:00 7.8 0.0 0.0 0.0 1.4 09:55 107 08 10.5 10.5 00:00 10.5 00:00 7.8 0.0 0.3 0.0 1.0 01:05 227 09 10.5 10.5 00:00 10.5 00:00 7.8 0.0 1.5 0.0 1.0 01:12 200 10 10.5 10.5 00:00 10.5 00:00 7.8 0.0 0.0 0.2 2.4 11:30 238 11 10.5 10.5 00:00 10.5 00:00 7.8 0.0 1.5 0.3 4.1 12:37 196 12 10.5 10.5 00:00 10.5 00:00 7.8 0.0 0.3 1.2 5.4 08:53 238 13 10.5 10.5 00:00 10.5 00:00 7.8 0.0 0.3 0.8 4.4 12:16 237 14 10.5 10.5 00:00 10.5 00:00 7.8 0.0 3.3 1.0 6.5 13:45 234 15 10.5 10.5 00:01 10.5 00:01 7.8 0.0 3.0 1.5 7.1 09:46 239 16 10.5 10.5 00:00 10.5 00:00 7.8 0.0 0.3 1.7 6.5 04:37 241 17 10.5 10.5 00:00 10.5 00:00 7.8 0.0 0.0 2.0 7.5 22:37 240 18 10.5 10.5 00:00 10.5 00:00 7.8 0.0 6.9 1.9 7.8 17:28 239 19 10.5 10.5 00:00 10.5 00:00 7.8 0.0 1.2 1.2 9.2 02:58 248 20 10.5 10.5 00:00 10.5 00:00 7.8 0.0 0.3 1.1 5.1 16:44 236 21 10.5 10.5 00:00 10.5 00:00 7.8 0.0 0.0 1.7 7.1 10:25 241 22 10.5 10.5 00:00 10.5 00:00 7.8 0.0 0.0 0.5 3.7 09:54 253 23 10.5 10.5 00:00 10.5 00:00 7.8 0.0 0.0 0.8 4.4 21:53 232 24 10.5 10.5 00:00 10.5 00:00 7.8 0.0 0.0 1.0 5.1 01:14 231 25 10.5 10.5 00:00 10.5 00:00 7.8 0.0 0.9 0.3 4.4 12:41 245 26 10.5 10.5 00:00 10.5 00:00 7.8 0.0 0.3 0.1 1.7 00:28 267 27 10.5 10.5 00:00 10.5 00:00 7.8 0.0 0.0 0.1 1.7 05:00 105 28 10.5 10.5 00:00 10.5 00:00 7.8 0.0 0.0 0.0 1.7 09:46 105 29 10.5 10.5 00:00 10.5 00:00 7.8 0.0 0.0 0.2 2.7 17:03 240 30 10.5 10.5 00:00 10.5 00:00 7.8 0.0 1.5 1.4 6.5 15:26 253 --------------------------------------------------------------------------------------- 10.5 10.5 01 10.5 01 235.0 0.0 30.0 0.9 9.9 02 239 Updated: 01/12/20 00:00:00