MONTHLY CLIMATOLOGICAL SUMMARY for Sep 2020 NAME: Peterborough, Cambridgeshire ELEV: 15 meter LAT: 52-35.48 N LONG: 000-12.37 W TEMPERATURE (°C), RAIN (mm), WIND SPEED (m/s) HEAT COOL AVG MEAN DEG DEG WIND DOM DAY TEMP HIGH TIME LOW TIME DAYS DAYS RAIN SPEED HIGH TIME DIR --------------------------------------------------------------------------------------- 01 10.4 10.4 00:00 10.4 00:00 7.9 0.0 0.0 0.1 2.0 12:12 152 02 10.4 10.4 00:00 10.4 00:00 7.9 0.0 1.8 0.5 4.8 16:50 227 03 10.4 10.4 00:00 10.4 00:00 7.9 0.0 0.9 1.0 6.1 13:16 236 04 10.4 10.4 00:00 10.4 00:00 7.9 0.0 0.0 0.8 5.4 12:49 239 05 10.4 10.4 00:00 10.4 00:00 7.9 0.0 0.0 0.8 5.1 10:01 248 06 10.4 10.4 00:00 10.4 00:00 7.9 0.0 0.0 0.5 3.7 16:19 243 07 10.4 10.4 00:00 10.4 00:00 7.9 0.0 0.0 0.6 4.4 14:39 231 08 14.9 27.6 16:50 10.4 00:00 3.4 0.0 0.0 0.7 4.1 10:02 237 09 18.7 24.8 15:23 12.5 23:52 0.0 0.4 0.0 0.9 5.4 15:01 241 10 11.4 12.7 00:15 11.3 02:26 6.9 0.0 0.0 0.3 4.1 12:13 242 11 11.3 11.3 00:05 11.3 00:00 7.0 0.0 0.0 0.6 4.4 13:06 230 12 11.3 11.3 00:05 11.3 00:00 7.0 0.0 0.0 0.8 4.8 15:42 233 13 14.3 27.7 16:35 11.3 00:00 4.1 0.0 0.0 0.7 4.1 10:05 229 14 19.0 36.4 17:58 14.3 23:56 0.0 0.7 0.0 0.0 1.7 14:36 152 15 19.1 29.0 15:05 12.0 05:35 0.0 0.8 0.0 0.6 4.1 17:01 91 16 17.5 22.4 13:17 14.9 23:54 0.8 0.0 0.0 1.2 6.5 14:24 91 17 11.0 14.9 00:00 10.5 05:49 7.3 0.0 0.0 0.6 3.7 11:32 89 18 10.5 10.5 00:00 10.5 00:00 7.8 0.0 0.0 1.0 6.5 15:55 84 19 10.5 10.5 00:00 10.5 00:00 7.8 0.0 0.0 1.4 8.2 13:28 89 20 10.5 10.5 00:00 10.5 00:00 7.8 0.0 0.0 1.2 6.1 15:12 92 21 10.5 10.5 00:00 10.5 00:00 7.8 0.0 0.0 0.1 2.0 15:57 203 22 10.5 10.5 00:00 10.5 00:00 7.8 0.0 0.0 0.6 3.4 17:50 230 23 10.5 10.5 00:00 10.5 00:00 7.8 0.0 5.7 0.6 5.1 16:03 234 24 10.5 10.5 00:00 10.5 00:00 7.8 0.0 0.6 0.6 5.8 12:45 226 25 10.5 10.5 00:00 10.5 00:00 7.8 0.0 15.0 2.0 10.9 13:58 225 26 10.5 10.5 00:00 10.5 00:00 7.8 0.0 0.3 1.8 7.5 06:24 208 27 10.5 10.5 00:00 10.5 00:00 7.8 0.0 0.0 1.6 7.5 11:35 167 28 10.5 10.5 00:00 10.5 00:00 7.8 0.0 0.0 0.5 3.7 13:21 238 29 10.5 10.5 00:00 10.5 00:00 7.8 0.0 6.0 0.2 3.1 09:36 102 30 10.5 10.5 00:00 10.5 00:00 7.8 0.0 3.3 0.5 4.1 17:17 230 --------------------------------------------------------------------------------------- 11.9 36.4 14 10.4 01 194.0 1.9 33.6 0.8 10.9 25 202 Updated: 01/10/20 00:00:00