MONTHLY CLIMATOLOGICAL SUMMARY for Feb 2020 NAME: Peterborough, Cambridgeshire ELEV: 15 meter LAT: 52-35.48 N LONG: 000-12.37 W TEMPERATURE (°C), RAIN (mm), WIND SPEED (m/s) HEAT COOL AVG MEAN DEG DEG WIND DOM DAY TEMP HIGH TIME LOW TIME DAYS DAYS RAIN SPEED HIGH TIME DIR --------------------------------------------------------------------------------------- 01 8.7 10.8 15:07 4.1 00:07 9.7 0.0 1.5 2.3 6.8 23:17 235 02 10.6 13.6 07:07 7.8 23:57 7.8 0.0 1.8 2.4 8.5 06:27 254 03 8.6 13.1 05:47 4.6 20:48 9.7 0.0 9.6 1.4 7.5 10:07 261 04 8.4 13.4 12:38 4.7 03:08 9.9 0.0 6.6 1.7 10.9 15:28 258 05 5.3 8.9 09:28 3.0 17:58 13.0 0.0 0.9 1.4 6.1 23:58 259 06 4.7 8.9 10:48 2.2 21:48 13.6 0.0 0.0 1.3 6.8 11:28 266 07 4.6 9.6 11:28 1.6 23:58 13.7 0.0 3.6 1.1 6.5 12:28 260 08 6.1 11.6 19:18 0.7 02:38 12.2 0.0 8.7 0.8 4.1 19:08 224 09 7.5 11.3 00:08 5.4 21:08 10.8 0.0 4.2 2.5 7.8 12:48 246 10 6.0 11.0 11:18 1.7 23:48 12.3 0.0 0.0 1.6 6.5 02:08 243 11 5.2 11.7 11:08 0.0 02:38 13.1 0.0 0.0 0.8 5.4 10:58 256 12 5.8 10.1 12:08 2.0 01:38 12.5 0.0 0.0 1.4 5.4 12:28 263 13 14 15 16 17 18 19 20 21 22 23 24 25 26 27 28 29 --------------------------------------------------------------------------------------- 6.8 13.6 02 0.0 11 138.3 0.0 36.9 1.6 10.9 04 251 Updated: 03/03/20 16:20:00