MONTHLY CLIMATOLOGICAL SUMMARY for Nov 2019 NAME: Peterborough, Cambridgeshire ELEV: 15 meter LAT: 52-35.48 N LONG: 000-12.37 W TEMPERATURE (°C), RAIN (mm), WIND SPEED (m/s) HEAT COOL AVG MEAN DEG DEG WIND DOM DAY TEMP HIGH TIME LOW TIME DAYS DAYS RAIN SPEED HIGH TIME DIR --------------------------------------------------------------------------------------- 01 11.4 14.7 13:55 5.4 00:00 6.9 0.0 0.0 0.1 2.4 12:35 230 02 11.0 14.3 00:00 9.4 07:27 7.4 0.0 0.0 0.9 7.1 13:03 232 03 9.3 12.1 14:52 6.8 17:57 9.0 0.0 0.0 0.2 2.4 15:39 233 04 8.9 13.3 14:29 5.7 22:41 9.5 0.0 0.0 0.0 1.4 10:17 120 05 9.4 13.2 12:59 5.4 23:54 8.9 0.0 0.3 0.9 5.4 14:53 140 06 6.2 9.6 12:01 3.2 07:48 12.1 0.0 0.0 0.2 2.4 00:45 250 07 7.2 8.8 13:54 4.7 23:43 11.1 0.0 0.0 0.3 4.4 10:52 240 08 6.1 9.1 13:21 3.4 02:40 12.3 0.0 0.0 0.7 4.8 11:47 217 09 4.5 8.5 12:45 0.5 07:41 13.8 0.0 0.0 0.3 4.1 23:37 84 10 6.7 10.7 13:45 4.4 07:09 11.6 0.0 0.0 0.6 4.8 01:56 114 11 7.0 10.0 13:27 5.2 23:14 11.3 0.0 0.6 1.1 7.5 08:07 247 12 6.8 8.9 18:52 4.4 05:56 11.5 0.0 0.3 1.5 6.5 14:12 247 13 5.4 9.9 12:36 1.8 20:41 12.9 0.0 0.0 0.4 3.7 01:25 247 14 5.8 7.1 06:26 3.9 00:51 12.5 0.0 0.3 0.6 5.1 06:42 84 15 6.7 9.2 12:03 3.7 02:41 11.6 0.0 0.0 1.0 6.1 14:23 109 16 6.8 9.9 13:36 5.6 09:35 11.6 0.0 0.0 0.2 2.4 00:11 202 17 7.7 9.9 12:56 6.1 05:40 10.6 0.0 0.3 0.4 6.1 18:23 109 18 5.3 8.6 13:45 1.0 23:59 13.0 0.0 0.0 0.7 4.4 12:30 209 19 1.6 6.8 13:52 -2.1 07:46 16.7 0.0 0.0 0.0 1.0 00:04 245 20 2.7 8.0 13:40 -0.4 23:14 15.6 0.0 0.0 0.0 1.7 11:18 177 21 4.1 7.5 12:04 0.0 00:00 14.3 0.0 0.0 0.0 1.7 08:12 125 22 7.5 9.7 14:21 6.0 00:01 10.8 0.0 0.0 0.0 1.7 06:44 155 23 9.0 11.1 12:47 7.2 00:00 9.3 0.0 0.0 0.2 2.0 06:30 96 24 8.9 10.4 13:58 7.7 05:02 9.4 0.0 0.0 0.0 1.4 11:30 235 25 9.9 12.5 12:38 8.2 01:25 8.4 0.0 0.0 0.1 3.1 12:03 170 26 10.6 13.7 14:59 8.1 23:02 7.7 0.0 0.0 0.2 3.1 13:03 228 27 9.6 11.0 13:06 8.5 00:00 8.8 0.0 0.3 0.5 5.8 23:10 263 28 8.4 10.9 12:10 3.8 23:56 9.9 0.0 0.3 1.0 6.1 04:35 239 29 2.8 4.2 10:13 2.2 05:32 15.5 0.0 0.0 0.6 3.1 08:36 257 30 --------------------------------------------------------------------------------------- 7.2 14.7 01 -2.1 19 324.3 0.0 2.4 0.4 7.5 11 212 Updated: 29/11/19 10:15:00