MONTHLY CLIMATOLOGICAL SUMMARY for Jun 2019 NAME: Peterborough, Cambridgeshire ELEV: 15 meter LAT: 52-35.48 N LONG: 000-12.37 W TEMPERATURE (°C), RAIN (mm), WIND SPEED (m/s) HEAT COOL AVG MEAN DEG DEG WIND DOM DAY TEMP HIGH TIME LOW TIME DAYS DAYS RAIN SPEED HIGH TIME DIR --------------------------------------------------------------------------------------- 01 21.5 32.6 16:15 11.7 04:39 0.0 3.2 0.0 0.2 3.1 14:25 243 02 20.1 28.3 14:51 13.1 00:00 0.0 1.8 0.0 0.6 6.5 14:31 246 03 16.6 23.2 15:11 10.8 04:41 1.8 0.0 0.0 0.7 5.1 11:07 245 04 14.8 23.7 11:05 9.2 05:32 3.5 0.0 6.0 0.0 2.7 16:12 222 05 17.2 19.8 15:04 13.1 23:55 1.1 0.0 0.3 0.4 4.1 11:56 249 06 16.6 24.8 18:48 9.4 23:56 1.8 0.0 0.0 0.4 4.4 16:59 247 07 13.2 19.8 09:35 7.2 02:47 5.2 0.0 4.2 0.2 4.1 12:04 117 08 13.3 15.1 18:40 10.8 21:53 5.0 0.0 0.3 0.6 4.8 16:48 256 09 16.9 25.8 15:58 8.8 03:56 1.4 0.0 2.7 0.2 3.7 22:46 240 10 11.1 11.2 00:01 10.9 01:32 7.3 0.0 0.0 0.1 1.0 00:13 102 11 12 13 14 16.4 22.1 17:55 10.3 23:58 1.9 0.0 0.6 0.4 2.7 13:22 239 15 16.7 22.1 16:42 9.4 00:44 1.6 0.0 0.3 0.4 4.8 18:42 235 16 16.0 22.1 16:42 9.7 01:53 2.3 0.0 2.1 0.5 4.8 18:49 239 17 17.6 24.5 16:59 12.7 03:34 0.7 0.0 0.0 0.6 4.4 18:04 238 18 17.3 21.9 12:12 9.8 04:55 1.1 0.0 3.3 0.1 2.0 13:34 240 19 18.6 21.9 16:38 15.6 22:46 0.0 0.3 0.3 0.4 3.1 13:29 197 20 16.6 23.1 17:39 12.7 23:58 1.7 0.0 0.0 0.6 4.1 09:28 256 21 16.1 23.3 19:13 9.4 04:42 2.3 0.0 0.0 0.4 4.1 06:41 252 22 18.9 30.0 18:59 10.9 01:03 0.0 0.5 0.0 0.1 2.4 15:10 154 23 16.8 26.1 13:42 9.8 02:20 1.5 0.0 0.0 0.7 4.4 15:32 92 24 23.7 28.4 16:41 20.3 09:15 0.0 5.4 0.3 0.2 2.4 09:13 134 25 26 14.9 17.0 14:02 13.0 23:55 3.4 0.0 0.3 1.5 5.8 18:04 88 27 15.9 21.4 16:25 11.6 04:48 2.4 0.0 0.0 1.2 5.1 11:21 91 28 19.3 32.0 17:53 11.6 00:00 0.0 1.0 0.0 0.3 3.4 12:09 93 29 28.1 39.6 18:04 11.2 02:23 0.0 9.8 0.0 0.0 2.0 23:57 217 30 20.4 26.5 15:00 14.8 05:12 0.0 2.1 0.0 1.0 5.4 07:52 255 --------------------------------------------------------------------------------------- 17.9 39.6 29 7.2 07 46.1 24.0 20.7 0.5 6.5 02 224 Updated: 01/07/19 00:00:00