MONTHLY CLIMATOLOGICAL SUMMARY for May 2019 NAME: Peterborough, Cambridgeshire ELEV: 15 meter LAT: 52-35.48 N LONG: 000-12.37 W TEMPERATURE (°C), RAIN (mm), WIND SPEED (m/s) HEAT COOL AVG MEAN DEG DEG WIND DOM DAY TEMP HIGH TIME LOW TIME DAYS DAYS RAIN SPEED HIGH TIME DIR --------------------------------------------------------------------------------------- 01 13.2 23.9 15:35 4.4 05:26 5.2 0.0 0.6 0.3 3.7 19:04 247 02 13.4 20.4 17:55 10.1 20:50 4.9 0.0 4.2 0.9 5.4 11:03 258 03 8.2 15.0 13:42 5.8 23:50 10.2 0.0 1.8 0.9 5.4 14:46 86 04 7.0 11.9 15:20 2.9 05:12 11.3 0.0 4.5 1.4 9.2 17:04 169 05 8.7 14.4 14:47 4.2 05:10 9.6 0.0 0.3 0.7 4.4 07:26 221 06 9.0 15.8 17:47 5.2 01:17 9.3 0.0 0.0 0.6 5.1 15:01 262 07 10.3 16.2 13:49 5.5 00:00 8.0 0.0 0.0 0.3 3.7 12:31 117 08 8.3 13.4 17:17 7.4 02:53 10.1 0.0 1.5 0.1 3.7 17:45 243 09 11.0 11.5 15:38 10.4 16:10 7.4 0.0 0.3 0.9 4.1 15:46 159 10 13.0 18.4 14:25 9.2 19:54 5.3 0.0 3.3 0.6 4.8 14:51 108 11 12.4 20.1 17:01 6.1 23:40 5.9 0.0 0.3 0.7 4.1 13:41 91 12 14.8 26.4 17:40 5.3 02:35 3.5 0.0 0.0 0.2 2.4 17:20 106 13 14.0 27.7 17:49 3.6 05:23 4.3 0.0 0.0 0.1 2.7 16:44 113 14 14.5 28.0 17:36 4.8 05:30 3.8 0.0 0.0 0.2 2.7 12:04 88 15 13.3 22.0 15:03 5.0 04:02 5.0 0.0 0.0 0.4 4.1 18:10 89 16 12.9 23.8 15:04 4.8 05:20 5.4 0.0 0.0 0.6 5.4 17:07 85 17 12.3 17.8 13:45 8.9 00:05 6.1 0.0 1.2 1.4 5.8 13:27 89 18 15.8 18.3 13:58 13.8 15:43 2.5 0.0 4.2 0.3 2.0 15:10 93 19 16.9 21.6 13:53 12.3 23:55 1.4 0.0 0.3 0.6 3.1 14:18 95 20 16.0 22.0 13:37 10.9 23:55 2.4 0.0 0.0 0.5 3.7 11:35 132 21 16.2 23.7 16:49 8.6 05:34 2.1 0.0 0.0 0.8 5.1 18:26 226 22 16.6 25.1 16:55 9.4 04:33 1.7 0.0 0.0 0.5 6.1 15:23 257 23 17.7 26.4 15:59 9.4 05:13 0.6 0.0 0.0 0.4 4.8 18:00 253 24 17.2 24.8 15:15 10.0 05:15 1.1 0.0 0.0 0.9 5.1 08:54 256 25 17.7 23.7 13:23 11.8 03:25 0.6 0.0 0.0 0.6 5.4 11:09 247 26 17.8 22.1 15:14 11.7 23:54 0.5 0.0 0.0 1.0 7.5 14:28 254 27 13.7 20.1 16:15 9.8 05:30 4.6 0.0 0.6 0.8 7.1 12:21 260 28 13.1 23.7 17:58 9.2 04:54 5.2 0.0 9.0 0.7 4.4 20:33 155 29 14.6 19.5 11:29 8.5 00:50 3.7 0.0 2.4 0.6 4.1 13:40 242 30 20.7 25.0 16:14 15.6 00:00 0.0 2.4 0.3 0.9 6.1 13:27 248 31 18.1 25.2 16:08 12.5 05:05 0.2 0.0 0.0 0.7 5.1 08:06 247 --------------------------------------------------------------------------------------- 14.0 28.0 14 2.9 04 142.1 2.4 34.8 0.6 9.2 04 216 Updated: 01/06/19 00:00:00