MONTHLY CLIMATOLOGICAL SUMMARY for Apr 2019 NAME: Peterborough, Cambridgeshire ELEV: 15 meter LAT: 52-35.48 N LONG: 000-12.37 W TEMPERATURE (°C), RAIN (mm), WIND SPEED (m/s) HEAT COOL AVG MEAN DEG DEG WIND DOM DAY TEMP HIGH TIME LOW TIME DAYS DAYS RAIN SPEED HIGH TIME DIR --------------------------------------------------------------------------------------- 01 9.1 20.7 17:00 2.1 06:35 9.2 0.0 0.0 0.3 3.7 11:26 108 02 5.3 15.0 17:05 1.6 06:04 13.0 0.0 8.7 0.4 5.4 15:05 257 03 5.6 14.5 17:35 1.3 01:56 12.7 0.0 1.8 0.2 2.4 11:23 238 04 5.5 13.2 14:53 -1.1 05:37 12.8 0.0 0.6 0.4 5.1 12:41 133 05 9.5 18.1 17:19 2.4 06:20 8.9 0.0 0.0 0.5 5.4 10:30 142 06 7.1 10.8 11:16 1.6 06:31 11.2 0.0 0.0 0.7 4.1 11:47 80 07 11.7 13.3 14:00 8.2 00:05 6.7 0.0 0.3 1.2 3.7 14:06 84 08 13.2 17.2 14:17 7.7 23:30 5.1 0.0 0.0 1.6 5.4 11:56 80 09 9.4 12.1 13:54 5.2 23:54 8.9 0.0 0.0 1.9 6.8 16:33 78 10 7.2 12.7 16:29 2.1 03:12 11.1 0.0 0.0 1.2 6.8 17:11 82 11 6.7 15.6 16:32 -0.3 01:54 11.7 0.0 0.0 0.5 4.4 18:09 83 12 5.7 13.7 13:18 -0.8 05:46 12.7 0.0 0.0 0.4 3.7 11:57 88 13 5.4 13.4 11:53 -1.3 06:24 12.9 0.0 0.0 0.7 6.8 14:48 81 14 5.4 12.3 13:58 -1.9 06:15 13.0 0.0 0.0 0.3 3.7 14:35 98 15 8.1 18.3 15:34 0.6 01:30 10.2 0.0 0.0 0.3 3.1 13:45 152 16 10.6 20.0 15:18 3.6 05:27 7.7 0.0 0.0 0.4 2.7 11:17 88 17 12.4 23.4 15:22 5.1 05:49 5.9 0.0 0.0 0.4 4.4 10:47 95 18 15.1 25.9 15:51 5.7 03:47 3.3 0.0 0.0 0.3 3.4 15:30 108 19 13.7 24.0 15:01 6.1 05:56 4.6 0.0 0.0 0.9 4.4 17:20 99 20 15.9 27.5 15:45 6.0 03:46 2.4 0.0 0.0 0.7 3.7 12:27 96 21 17.3 30.8 15:59 6.1 04:50 1.0 0.0 0.0 0.2 2.0 10:41 120 22 15.8 30.4 17:00 3.1 06:05 2.6 0.0 0.0 0.3 3.1 11:48 111 23 14.4 22.4 16:47 8.1 05:30 4.0 0.0 0.0 0.6 4.4 13:51 84 24 14.7 24.7 15:11 7.0 03:07 3.6 0.0 0.0 0.5 4.1 18:13 214 25 13.0 21.8 16:25 6.3 02:46 5.3 0.0 0.6 0.4 3.7 17:02 220 26 11.7 20.4 14:30 3.5 05:36 6.6 0.0 0.0 0.7 4.4 17:22 228 27 9.4 13.1 15:04 7.3 04:50 8.9 0.0 4.5 2.0 10.2 13:13 257 28 9.7 14.2 18:06 5.2 23:38 8.7 0.0 1.2 1.1 7.5 01:13 240 29 10.6 17.7 17:51 4.4 03:46 7.7 0.0 0.0 0.4 2.7 14:28 82 30 12.4 23.2 16:25 3.2 03:39 6.0 0.0 0.0 0.1 1.7 16:36 147 --------------------------------------------------------------------------------------- 10.2 30.8 21 -1.9 14 238.4 0.0 17.7 0.6 10.2 27 110 Updated: 01/05/19 00:00:00