MONTHLY CLIMATOLOGICAL SUMMARY for Mar 2019 NAME: Peterborough, Cambridgeshire ELEV: 15 meter LAT: 52-35.48 N LONG: 000-12.37 W TEMPERATURE (°C), RAIN (mm), WIND SPEED (m/s) HEAT COOL AVG MEAN DEG DEG WIND DOM DAY TEMP HIGH TIME LOW TIME DAYS DAYS RAIN SPEED HIGH TIME DIR --------------------------------------------------------------------------------------- 01 8.5 11.0 13:18 6.7 06:02 9.8 0.0 0.3 0.4 2.7 00:51 239 02 10.7 16.7 13:32 6.0 01:37 7.6 0.0 5.7 1.3 8.2 23:30 241 03 9.9 12.4 18:16 8.4 04:24 8.4 0.0 54.0 1.7 11.9 22:57 236 04 7.7 11.7 13:30 4.6 23:59 10.6 0.0 13.2 1.8 8.8 09:07 258 05 7.7 14.3 13:04 2.5 06:38 10.7 0.0 3.6 1.1 6.8 12:26 238 06 11.9 14.6 13:15 8.8 00:00 6.4 0.0 1.8 1.5 5.4 14:46 237 07 7.6 10.7 10:33 5.0 05:46 10.7 0.0 24.6 1.9 9.2 12:24 253 08 6.8 10.4 14:42 2.8 05:24 11.5 0.0 3.3 0.9 5.4 16:03 242 09 9.2 12.9 13:29 6.7 07:01 9.1 0.0 86.7 1.8 12.6 11:40 263 10 5.6 10.9 14:36 3.1 08:20 12.7 0.0 80.4 1.7 12.9 14:45 266 11 7.2 12.3 14:17 3.5 05:24 11.1 0.0 0.0 2.1 9.5 09:54 268 12 7.4 10.5 09:15 3.8 14:56 10.9 0.0 13.8 2.1 9.2 23:26 243 13 8.8 11.6 16:03 6.3 00:00 9.6 0.0 39.9 3.0 12.6 11:26 270 14 10.5 14.8 13:48 7.4 03:52 7.9 0.0 75.3 2.3 11.9 12:44 268 15 12.2 15.9 12:37 8.4 01:31 6.2 0.0 23.7 2.1 12.2 11:00 263 16 10.7 13.2 11:44 6.2 23:59 7.6 0.0 3.3 2.2 10.5 11:44 248 17 6.9 11.0 16:35 3.7 06:11 11.4 0.0 0.6 1.6 7.8 13:11 270 18 8.4 13.8 15:13 5.0 06:31 10.0 0.0 0.0 0.8 4.8 11:13 264 19 10.9 16.1 12:19 6.3 05:18 7.5 0.0 0.0 0.6 3.7 15:06 243 20 11.8 18.3 13:40 8.0 03:59 6.5 0.0 0.0 0.7 3.4 11:51 239 21 13.6 17.4 11:28 8.5 00:58 4.7 0.0 0.0 0.5 3.4 02:17 245 22 11.7 15.0 15:02 9.7 23:31 6.6 0.0 0.0 0.9 5.4 07:44 240 23 10.0 14.1 13:48 6.2 23:44 8.4 0.0 0.0 0.5 4.1 14:45 176 24 9.4 14.3 16:53 3.3 06:18 9.0 0.0 0.3 1.0 6.8 14:15 268 25 8.5 16.2 14:47 2.9 23:13 9.9 0.0 0.0 1.1 6.1 12:19 220 26 8.2 15.3 16:27 1.5 04:43 10.2 0.0 0.0 0.7 5.1 12:27 265 27 10.0 13.7 13:41 6.1 00:00 8.3 0.0 0.0 0.8 4.4 14:55 268 28 10.4 19.3 15:25 3.7 02:22 8.0 0.0 0.0 0.3 2.7 10:46 244 29 10.8 20.4 16:27 3.6 01:46 7.6 0.0 0.0 0.4 4.1 15:19 237 30 10.4 20.0 16:13 2.3 05:25 7.9 0.0 0.0 0.4 4.1 13:50 227 31 8.9 13.4 15:57 3.2 23:51 9.4 0.0 0.0 1.3 5.4 11:16 85 --------------------------------------------------------------------------------------- 9.3 20.4 29 1.5 26 276.1 0.0 430.5 1.3 12.9 10 254 Updated: 01/04/19 00:00:00