MONTHLY CLIMATOLOGICAL SUMMARY for Apr 2018 NAME: Peterborough, Cambridgeshire ELEV: 15 meter LAT: 52-35.48 N LONG: 000-12.37 W TEMPERATURE (°C), RAIN (mm), WIND SPEED (m/s) HEAT COOL AVG MEAN DEG DEG WIND DOM DAY TEMP HIGH TIME LOW TIME DAYS DAYS RAIN SPEED HIGH TIME DIR --------------------------------------------------------------------------------------- 01 5.2 8.3 13:43 3.9 03:20 13.2 0.0 0.3 0.7 3.7 01:08 223 02 6.3 10.9 17:17 3.1 05:40 12.0 0.0 9.6 0.7 3.7 04:17 181 03 12.7 16.9 14:27 8.3 23:59 5.7 0.0 1.2 1.5 5.8 13:16 233 04 9.6 14.1 12:07 5.8 01:42 8.8 0.0 2.4 1.0 6.8 21:21 245 05 8.2 16.8 16:11 3.5 07:10 10.1 0.0 0.0 1.1 6.8 03:34 256 06 9.4 18.6 17:17 2.6 03:12 9.0 0.0 0.0 0.6 4.8 14:05 127 07 11.7 20.8 15:18 5.0 05:56 6.6 0.0 0.0 0.4 3.7 16:49 222 08 9.5 11.6 00:00 7.5 22:44 8.8 0.0 4.8 0.4 2.7 15:09 99 09 9.2 9.4 16:20 9.1 16:39 9.1 0.0 1.8 0.1 1.4 16:36 107 10 11.1 12.4 18:30 9.5 20:50 7.2 0.0 0.3 0.6 3.4 19:45 92 11 12 13 10.8 13.4 17:11 9.6 13:08 7.6 0.0 0.3 0.5 3.4 17:17 250 14 13.3 22.4 17:16 8.1 23:53 5.1 0.0 0.0 0.2 3.1 10:46 229 15 10.6 16.4 15:05 6.7 04:45 7.7 0.0 0.3 0.3 2.7 08:04 193 16 12.2 17.2 15:21 8.3 05:28 6.2 0.0 0.3 1.1 5.1 10:07 242 17 14.3 20.3 14:01 9.3 03:46 4.1 0.0 0.0 1.5 6.8 13:48 234 18 18.5 29.5 17:15 10.6 03:31 0.0 0.1 0.0 0.6 3.7 13:13 221 19 20.0 33.3 17:18 8.6 06:01 0.0 1.6 0.0 0.2 3.4 15:26 234 20 18.9 27.4 16:24 12.3 00:00 0.0 0.5 0.0 0.5 3.7 12:01 240 21 17.3 27.6 14:47 9.2 05:12 1.1 0.0 0.0 0.2 2.4 11:46 150 22 17.3 24.0 13:36 12.7 23:53 1.0 0.0 4.5 0.8 5.8 18:18 246 23 12.6 16.6 17:07 8.6 05:03 5.7 0.0 0.0 1.3 6.5 14:09 249 24 12.4 14.2 10:56 10.4 23:53 6.0 0.0 7.8 0.9 5.4 23:20 243 25 11.1 15.9 15:22 7.4 04:12 7.2 0.0 0.3 1.1 6.1 01:08 251 26 11.3 17.5 15:14 6.6 05:16 7.1 0.0 0.0 1.2 7.5 09:28 258 27 8.2 9.6 16:34 6.5 06:10 10.1 0.0 11.1 0.3 3.1 14:09 84 28 7.4 8.2 14:25 6.5 23:40 10.9 0.0 0.9 0.9 3.1 15:25 110 29 7.1 8.4 14:33 6.4 01:40 11.2 0.0 0.3 1.8 7.1 23:15 88 30 7.6 10.3 13:36 5.4 23:35 10.7 0.0 0.0 2.1 7.8 11:36 120 --------------------------------------------------------------------------------------- 11.9 33.3 19 2.6 06 192.0 2.3 46.2 0.8 7.8 30 224 Updated: 01/05/18 10:20:00