MONTHLY CLIMATOLOGICAL SUMMARY for Jan 2018 NAME: Peterborough, Cambridgeshire ELEV: 15 meter LAT: 52-35.48 N LONG: 000-12.37 W TEMPERATURE (°C), RAIN (mm), WIND SPEED (m/s) HEAT COOL AVG MEAN DEG DEG WIND DOM DAY TEMP HIGH TIME LOW TIME DAYS DAYS RAIN SPEED HIGH TIME DIR --------------------------------------------------------------------------------------- 01 02 03 04 05 06 07 08 09 10 11 8.3 20.0 20:59 7.2 23:59 10.0 0.0 0.0 0.3 1.4 23:59 7 12 6.5 7.5 14:39 5.8 22:50 11.9 0.0 0.0 0.3 1.7 18:20 352 13 5.8 7.4 12:50 5.3 21:20 12.6 0.0 0.0 0.5 2.7 13:50 335 14 5.3 6.5 12:10 4.1 21:50 13.1 0.0 0.0 0.4 3.4 23:30 73 15 6.4 11.0 13:11 4.9 00:00 12.0 0.0 4.5 1.6 6.1 23:01 78 16 5.0 7.4 13:41 2.8 23:31 13.4 0.0 0.3 1.8 11.2 13:51 96 17 5.0 7.9 13:51 2.4 01:41 13.3 0.0 1.2 2.3 9.5 12:41 99 18 6.0 10.5 04:37 2.8 23:51 12.3 0.0 140.7 2.1 14.3 05:11 103 19 3.3 7.9 14:39 0.5 07:46 15.0 0.0 0.3 1.0 6.8 13:39 87 20 2.4 4.8 11:37 0.4 23:43 15.9 0.0 4.2 0.4 4.1 00:02 93 21 1.0 3.5 15:17 -0.1 03:50 17.4 0.0 4.8 0.4 2.7 05:23 118 22 7.2 10.2 12:50 3.3 20:27 11.1 0.0 0.3 0.9 6.1 13:37 267 23 9.8 14.1 14:04 5.1 00:00 8.5 0.0 1.5 1.2 4.4 14:36 238 24 9.7 15.1 10:18 6.3 23:48 8.6 0.0 5.4 2.2 10.5 10:25 240 25 6.9 10.7 14:05 3.7 00:00 11.5 0.0 0.3 1.1 4.4 16:33 236 26 4.0 9.3 14:02 0.0 06:32 14.4 0.0 0.0 0.4 3.1 10:20 232 27 7.2 11.2 19:38 0.3 04:49 11.1 0.0 0.9 1.1 5.8 11:53 238 28 11.6 16.7 14:22 8.4 07:46 6.7 0.0 0.6 1.6 9.2 13:13 257 29 9.3 12.2 10:54 2.8 23:44 9.0 0.0 0.9 1.8 7.8 00:49 260 30 4.6 9.3 14:07 -0.2 07:32 13.8 0.0 0.0 0.7 3.4 12:10 242 31 6.2 9.5 03:10 3.5 23:16 12.1 0.0 3.6 1.9 8.5 12:39 260 --------------------------------------------------------------------------------------- 6.2 20.0 11 -0.2 30 253.7 0.0 169.5 1.2 14.3 18 216 Updated: 01/05/18 10:20:00